derivative of d**4/12 + 2*d**3/3 + 3*d**2/2 + 3*d. What is the units digit of m(n)?
3
What is the hundreds digit of -13*93/(-6) - 11/(-22)?
2
Suppose -l - 8 = -3*x, -5*l = 2*x - 0*x + 6. Suppose x*h - 6 - 4 = 0. What is the units digit of h?
5
Suppose 0*z + 5*z = 20. Let u be (-46)/z - 1/2. What is the units digit of ((-4)/(-12))/((-2)/u)?
2
Let r(d) = -6*d - 52. What is the units digit of r(-18)?
6
Let w(z) = -z**3 - 11*z**2 + 2*z - 8. What is the hundreds digit of w(-12)?
1
Let p(i) = i**3 + 15*i**2 + 19*i + 9. What is the units digit of p(-13)?
0
Suppose 4*r + 4*h - 244 = -0*r, 4*r = 2*h + 256. What is the tens digit of r?
6
Let t(o) = -o**3 - 3*o**2 - 2*o - 3. Let y be t(-3). Suppose -x - 4*z = -22, -y*x - 2*z - z = -21. What is the units digit of x?
2
Suppose 0 = 5*k - 5*l - 225, -144 = -2*k - 2*k - 5*l. What is the tens digit of k?
4
Suppose y - 1 = 0, 2*j - 7 = 2*y - y. Suppose -4*k - 92 = -j*h, -3*k = -4*h - k + 84. What is the units digit of h?
9
Suppose 6 = 3*k - 3*m, 2*k + 0*k + 3*m = 24. What is the units digit of k?
6
Suppose 5*l = -y + 14, y + 4*l - 17 + 5 = 0. Suppose y*p = 23 + 77. What is the tens digit of p?
2
Let b be (-11 + 1)/(0 + -1). Let x = b + -7. Suppose 0 = -x*w - 2*j - 0*j - 2, 0 = 2*w - 4*j - 20. What is the units digit of w?
2
Suppose 7*m = 3*m + 200. What is the units digit of m?
0
What is the tens digit of (-24)/56 + (-108)/(-7)?
1
Let n(m) = -m**3 - 7*m**2 - 8*m - 4. Let i be n(-7). Let x be i/14 - (-2)/7. Suppose x*o - o - 9 = 0. What is the units digit of o?
3
Suppose -5*x = -4*a + 5*a - 73, -x + 19 = -2*a. What is the tens digit of (24/x + -2)*-40?
1
Let c(n) = -n**3 - 7*n**2 - 8*n - 2. Suppose -4*x - 29 = -5. What is the units digit of c(x)?
0
Suppose 5 = -4*a + 3*a. Let y = 7 + a. What is the units digit of y?
2
Suppose -4*o = -o - 2*c - 597, 3*o - 3*c = 594. What is the units digit of o?
1
Let v(w) = 88*w**2 + w - 2. What is the tens digit of v(1)?
8
Suppose 88 = 2*r - 2*m, r - 42 = -5*m + 2. What is the units digit of r?
4
Let g be (-42)/(-4)*(-6)/(-9). Let t be 6/(-21) - (-2)/g. Suppose 0 = h + 3*p - 13 + 1, -2*h - p + 19 = t. What is the units digit of h?
9
Let z = -40 - -66. What is the units digit of z?
6
Let a(u) = -u**3 - 2*u**2 + u. Let l be a(-3). Suppose -4*r + 4 = -l*r. What is the units digit of 36/10 + r/(-5)?
4
Let s be 32/(-14) - (-4)/14. Let p = 6 + s. What is the units digit of p?
4
Suppose -3*u = -333 - 327. What is the tens digit of u?
2
Let i be (3 - 6)/(3/(-4)). Suppose 2 = i*j - 18. Suppose -3*n = -j*n + 12. What is the units digit of n?
6
Suppose -3*q = -2*i - q + 128, -i + 54 = -3*q. What is the tens digit of i?
6
Suppose -4*p - 2*f + 46 = 0, 4*p - 4 = 5*f + 7. Let w(n) = -n**3 + 3*n**2 - 2*n + 2. Let y be w(2). What is the units digit of (p/1)/(3/y)?
6
Let b = 163 + -105. What is the tens digit of b?
5
Suppose 4 = -2*x, -2*l + 5*x + 40 = 3*l. Suppose 0 = 5*r - 14 - l. What is the units digit of r?
4
Suppose 3*u = s + 4, 0 = -0*u + u - 5*s - 20. Let j = 4 + u. What is the units digit of j?
4
Suppose -4*k + 11 = 35. Let a = k - -10. Suppose -c - 4*o + 24 = 0, a*o + 5 = 3*c - 19. What is the tens digit of c?
1
Suppose 0 = 6*q - 108 - 6. What is the units digit of q?
9
Let u = -4 + 7. Let y be u - (-2 + 0 + 0). Suppose 11 + y = 4*o. What is the units digit of o?
4
Suppose -5*z - 2*i = -373, -2*z + 3*i + 158 = 5. What is the tens digit of z?
7
Let k(w) = 17*w. Let t be k(1). Let c = 25 - t. What is the units digit of c?
8
Suppose -4*l + 177 = -l. What is the units digit of l?
9
Let s = 6 - -110. Suppose o = -3*o + s. What is the units digit of o?
9
Let v = -52 + 76. Suppose v = -3*l - l. What is the units digit of (l/(-4))/(-3)*-12?
6
Let m(i) be the first derivative of -i**4/4 + 7*i**3/3 - 3*i**2 + 6*i - 2. Let k be -6*((2 - 1) + -2). What is the units digit of m(k)?
6
Let d = 59 - 11. What is the units digit of d?
8
Let t(s) = -s**2 + 4*s - 4. Let d be t(3). Let j = 0 - d. What is the units digit of j?
1
Let u = -74 - -134. Suppose -3*y = 5*d - 21, -4*y + 0*y + 4*d = -u. What is the tens digit of y?
1
Let x(v) = v**2 - 5*v + 4. Let l be x(5). Suppose l - 2 = j. What is the units digit of j?
2
Let i be (-16)/10 - (-6)/10. Suppose -4*x - 3*s + 9 = 0, -5*x + 3*s + 2*s = -20. Let z = i + x. What is the units digit of z?
2
Let h = 16 - 10. Suppose -2*d - 35 = -3*d - 5*r, -3*d - r + 49 = 0. Suppose h*m - m - d = 0. What is the units digit of m?
3
Let j(n) = -1 - n + 4 - 2 + n**3 + 2*n - 2*n**2. Let g be j(2). Suppose g*o + 2*o - 40 = 0. What is the units digit of o?
8
Suppose 5*s + 2*c = -30 + 160, -52 = -2*s + 2*c. Let p be s/4 + (-2)/(-4). What is the units digit of (-4)/(-14) + 19/p?
3
Suppose -3*i - 291 = -5*b, 5*b + 9*i - 4*i = 275. What is the tens digit of b?
5
Let b = -174 + 118. Let x = -33 - b. What is the tens digit of x?
2
Suppose -p - x + 12 = x, -5*x = -4*p - 4. Suppose 68 = 8*s - p*s. What is the units digit of s - (1 - (-1 - -1))?
6
Let x be -2 - -6 - (3 - 4). What is the units digit of 80/x - (-12)/(-3)?
2
Suppose 3*h - 2*h - 7 = 0. Let n = 11 - h. Suppose n*f + 40 = 3*l, 0*l - f = l - 18. What is the tens digit of l?
1
Suppose 1 + 3 = 2*q. Suppose -5*l - 10 = -5*i, 0 = q*l - 5 - 3. Suppose -5*h - 20 = -i*h. What is the units digit of h?
0
Let p be 1/4 - (-6915)/(-12). Let a be p/(-56) - (-2)/(-7). Suppose 29 = t + a. What is the tens digit of t?
1
What is the hundreds digit of (2/6)/((-1)/(-969))?
3
Suppose -3*m - 2*l - 3*l = -20, 3*l = -4*m + 34. Let t = 3 + m. What is the units digit of t?
3
Suppose 0 = -3*i - 4*q - 0*q - 4, 0 = -i - 3*q - 3. Suppose 3*d - 53 - 49 = i. What is the tens digit of d?
3
Let a = 4 - 1. What is the units digit of a?
3
Suppose -j - 4*o - 152 = -3*j, -5*o = -20. Suppose 3*h + j = 5*i - 0*i, h = i - 18. What is the tens digit of i?
1
Let v(h) = -9*h - 12. What is the units digit of v(-5)?
3
Let z be (3/2)/(5/10). Suppose i + z*i = 84. What is the units digit of i?
1
Let p(c) = 7*c - 1. What is the units digit of p(5)?
4
Let b(a) = -a**3 + 15*a**2 - a + 9. What is the units digit of b(14)?
1
Let x(r) be the first derivative of r**4/4 - 5*r**3/3 - 3*r**2 + 8*r - 1. What is the units digit of x(6)?
8
Let c(w) = 3*w + 4*w**3 - 3*w**3 + 3 - 5*w. What is the units digit of c(2)?
7
Let o(i) = -5*i**3 - 7*i**2 - 19*i - 12. Let x(q) = 3*q**3 + 3*q**2 + 10*q + 6. Let u(a) = -4*o(a) - 7*x(a). What is the tens digit of u(7)?
4
Suppose -278 = -2*a - 4*z, -z = -0 + 1. What is the units digit of a?
1
Let f(w) = w**2 + w + 9. What is the units digit of f(0)?
9
Let w(t) = -t**2 - 4*t. Let j be w(-4). Suppose g + 2 = -j. What is the tens digit of (3*56/(-6))/g?
1
Suppose 7*k - 60 = 3*k. Let y be (18/k)/(2/5). What is the units digit of (2/3)/(y/18)?
4
Let b = 55 - -13. Suppose b = -4*c + 6*c. What is the tens digit of c?
3
Suppose 0 = 4*n, -5*o - 4*n + 30 = n. Let i be o/((-6)/(-4)*1). Suppose 2*q + d = 17 - 4, 4*q + i = 4*d. What is the units digit of q?
4
Let w = -14 - -32. Suppose m - 3*q - q - w = 0, 4*m - q - 12 = 0. Suppose 4*n + n = -m*y + 15, 0 = n + 3*y - 16. What is the units digit of n?
1
Suppose 129 = w + 30. What is the tens digit of w?
9
Suppose -5*x = -c - 38, 0*x + 4*c = -5*x + 23. Suppose 0*r + r = x. What is the units digit of r?
7
What is the units digit of 0/(-4) + 4 + 48?
2
Suppose -4*x + 86 = -2*x + 3*d, 3*d = -x + 43. What is the tens digit of x?
4
Let a be ((-4 + 1)*1)/(-1). Let r(u) = u**3 - 4*u**2 + 5*u - 4. Let y be r(a). Suppose 0 = y*l - 6 - 4. What is the units digit of l?
5
Let a be (6/6 - 3)/(2*1). Suppose 0 = -r - 5*b - 2, -3*r - 5*b + 2*b = 6. What is the units digit of (-3 + 4)/(a - r)?
1
Let f(k) = k + 9. Let m be f(-4). Suppose 0 = 5*c + 2*t + 80, 3*c - m*t = -0*c - 17. Let s = -9 - c. What is the units digit of s?
5
Suppose 0 = -0*k + 3*k - 5*j + 19, -k - 3*j = -17. Suppose k*o - 24 = -y - 2*o, 0 = -2*o + 10. Let i = y - -4. What is the units digit of i?
8
Let x be ((-20)/25)/(4/(-10)). Suppose 2*q - l = 20, -x*l + 14 = -0*q + 2*q. What is the units digit of q?
9
Suppose -637 = -4*l + 63. What is the hundreds digit of l?
1
Let l = -37 - -246. What is the units digit of l?
9
Suppose 0 = -o - 2*p - 0*p + 181, -4*p = 4*o - 712. What is the hundreds digit of o?
1
Let f(c) = c**3 - 4*c**2 + c + 3. What is the units digit of f